{"id":71,"date":"2023-10-11T19:50:44","date_gmt":"2023-10-11T19:50:44","guid":{"rendered":"https:\/\/camarasal.com\/centro-mediacion-arbitraje\/?page_id=71"},"modified":"2023-10-13T20:14:17","modified_gmt":"2023-10-13T20:14:17","slug":"libros","status":"publish","type":"page","link":"https:\/\/camarasal.com\/centro-mediacion-arbitraje\/libros\/","title":{"rendered":"Libros"},"content":{"rendered":"<div id=\"dslc-theme-content\"><div id=\"dslc-theme-content-inner\"><\/div><\/div>","protected":false},"excerpt":{"rendered":"<p>El centro de mediaci\u00f3n y arbitraje hace del conocimiento del p\u00fablico.<\/p>\n","protected":false},"author":1,"featured_media":0,"parent":0,"menu_order":0,"comment_status":"closed","ping_status":"closed","template":"","meta":{"footnotes":""},"class_list":["post-71","page","type-page","status-publish","hentry"],"yoast_head":"<!-- This site is optimized with the Yoast SEO plugin v27.2 - https:\/\/yoast.com\/product\/yoast-seo-wordpress\/ -->\n<title>Libros - Centro de Mediaci\u00f3n y Arbitraje<\/title>\n<meta name=\"robots\" content=\"index, follow, max-snippet:-1, max-image-preview:large, max-video-preview:-1\" \/>\n<link rel=\"canonical\" href=\"https:\/\/camarasal.com\/centro-mediacion-arbitraje\/libros\/\" \/>\n<meta property=\"og:locale\" content=\"es_ES\" \/>\n<meta property=\"og:type\" content=\"article\" \/>\n<meta property=\"og:title\" content=\"Libros - Centro de Mediaci\u00f3n y Arbitraje\" \/>\n<meta property=\"og:description\" content=\"El centro de mediaci\u00f3n y arbitraje hace del conocimiento del p\u00fablico.\" \/>\n<meta property=\"og:url\" content=\"https:\/\/camarasal.com\/centro-mediacion-arbitraje\/libros\/\" \/>\n<meta property=\"og:site_name\" content=\"Centro de Mediaci\u00f3n y Arbitraje\" \/>\n<meta property=\"article:publisher\" content=\"https:\/\/www.facebook.com\/camarasal\" \/>\n<meta property=\"article:modified_time\" content=\"2023-10-13T20:14:17+00:00\" \/>\n<meta name=\"twitter:card\" content=\"summary_large_image\" \/>\n<script type=\"application\/ld+json\" class=\"yoast-schema-graph\">{\"@context\":\"https:\/\/schema.org\",\"@graph\":[{\"@type\":\"WebPage\",\"@id\":\"https:\/\/camarasal.com\/centro-mediacion-arbitraje\/libros\/\",\"url\":\"https:\/\/camarasal.com\/centro-mediacion-arbitraje\/libros\/\",\"name\":\"Libros - Centro de Mediaci\u00f3n y Arbitraje\",\"isPartOf\":{\"@id\":\"https:\/\/camarasal.com\/centro-mediacion-arbitraje\/#website\"},\"datePublished\":\"2023-10-11T19:50:44+00:00\",\"dateModified\":\"2023-10-13T20:14:17+00:00\",\"breadcrumb\":{\"@id\":\"https:\/\/camarasal.com\/centro-mediacion-arbitraje\/libros\/#breadcrumb\"},\"inLanguage\":\"es\",\"potentialAction\":[{\"@type\":\"ReadAction\",\"target\":[\"https:\/\/camarasal.com\/centro-mediacion-arbitraje\/libros\/\"]}]},{\"@type\":\"BreadcrumbList\",\"@id\":\"https:\/\/camarasal.com\/centro-mediacion-arbitraje\/libros\/#breadcrumb\",\"itemListElement\":[{\"@type\":\"ListItem\",\"position\":1,\"name\":\"Portada\",\"item\":\"https:\/\/camarasal.com\/centro-mediacion-arbitraje\/\"},{\"@type\":\"ListItem\",\"position\":2,\"name\":\"Libros\"}]},{\"@type\":\"WebSite\",\"@id\":\"https:\/\/camarasal.com\/centro-mediacion-arbitraje\/#website\",\"url\":\"https:\/\/camarasal.com\/centro-mediacion-arbitraje\/\",\"name\":\"Centro de Mediaci\u00f3n y Arbitraje\",\"description\":\"La C\u00e1maras de comercio debido a su solidez moral y credibilidad, han sido los entes id\u00f3neos para el desarrollo de los Medios Alternos de la Soluci\u00f3n\",\"publisher\":{\"@id\":\"https:\/\/camarasal.com\/centro-mediacion-arbitraje\/#organization\"},\"potentialAction\":[{\"@type\":\"SearchAction\",\"target\":{\"@type\":\"EntryPoint\",\"urlTemplate\":\"https:\/\/camarasal.com\/centro-mediacion-arbitraje\/?s={search_term_string}\"},\"query-input\":{\"@type\":\"PropertyValueSpecification\",\"valueRequired\":true,\"valueName\":\"search_term_string\"}}],\"inLanguage\":\"es\"},{\"@type\":\"Organization\",\"@id\":\"https:\/\/camarasal.com\/centro-mediacion-arbitraje\/#organization\",\"name\":\"Centro de Mediaci\u00f3n y Arbitraje\",\"url\":\"https:\/\/camarasal.com\/centro-mediacion-arbitraje\/\",\"logo\":{\"@type\":\"ImageObject\",\"inLanguage\":\"es\",\"@id\":\"https:\/\/camarasal.com\/centro-mediacion-arbitraje\/#\/schema\/logo\/image\/\",\"url\":\"https:\/\/camarasal.com\/centro-mediacion-arbitraje\/wp-content\/uploads\/2023\/10\/logo.svg\",\"contentUrl\":\"https:\/\/camarasal.com\/centro-mediacion-arbitraje\/wp-content\/uploads\/2023\/10\/logo.svg\",\"width\":510,\"height\":130,\"caption\":\"Centro de Mediaci\u00f3n y Arbitraje\"},\"image\":{\"@id\":\"https:\/\/camarasal.com\/centro-mediacion-arbitraje\/#\/schema\/logo\/image\/\"},\"sameAs\":[\"https:\/\/www.facebook.com\/camarasal\"]}]}<\/script>\n<!-- \/ Yoast SEO plugin. -->","yoast_head_json":{"title":"Libros - Centro de Mediaci\u00f3n y Arbitraje","robots":{"index":"index","follow":"follow","max-snippet":"max-snippet:-1","max-image-preview":"max-image-preview:large","max-video-preview":"max-video-preview:-1"},"canonical":"https:\/\/camarasal.com\/centro-mediacion-arbitraje\/libros\/","og_locale":"es_ES","og_type":"article","og_title":"Libros - Centro de Mediaci\u00f3n y Arbitraje","og_description":"El centro de mediaci\u00f3n y arbitraje hace del conocimiento del p\u00fablico.","og_url":"https:\/\/camarasal.com\/centro-mediacion-arbitraje\/libros\/","og_site_name":"Centro de Mediaci\u00f3n y Arbitraje","article_publisher":"https:\/\/www.facebook.com\/camarasal","article_modified_time":"2023-10-13T20:14:17+00:00","twitter_card":"summary_large_image","schema":{"@context":"https:\/\/schema.org","@graph":[{"@type":"WebPage","@id":"https:\/\/camarasal.com\/centro-mediacion-arbitraje\/libros\/","url":"https:\/\/camarasal.com\/centro-mediacion-arbitraje\/libros\/","name":"Libros - Centro de Mediaci\u00f3n y Arbitraje","isPartOf":{"@id":"https:\/\/camarasal.com\/centro-mediacion-arbitraje\/#website"},"datePublished":"2023-10-11T19:50:44+00:00","dateModified":"2023-10-13T20:14:17+00:00","breadcrumb":{"@id":"https:\/\/camarasal.com\/centro-mediacion-arbitraje\/libros\/#breadcrumb"},"inLanguage":"es","potentialAction":[{"@type":"ReadAction","target":["https:\/\/camarasal.com\/centro-mediacion-arbitraje\/libros\/"]}]},{"@type":"BreadcrumbList","@id":"https:\/\/camarasal.com\/centro-mediacion-arbitraje\/libros\/#breadcrumb","itemListElement":[{"@type":"ListItem","position":1,"name":"Portada","item":"https:\/\/camarasal.com\/centro-mediacion-arbitraje\/"},{"@type":"ListItem","position":2,"name":"Libros"}]},{"@type":"WebSite","@id":"https:\/\/camarasal.com\/centro-mediacion-arbitraje\/#website","url":"https:\/\/camarasal.com\/centro-mediacion-arbitraje\/","name":"Centro de Mediaci\u00f3n y Arbitraje","description":"La C\u00e1maras de comercio debido a su solidez moral y credibilidad, han sido los entes id\u00f3neos para el desarrollo de los Medios Alternos de la Soluci\u00f3n","publisher":{"@id":"https:\/\/camarasal.com\/centro-mediacion-arbitraje\/#organization"},"potentialAction":[{"@type":"SearchAction","target":{"@type":"EntryPoint","urlTemplate":"https:\/\/camarasal.com\/centro-mediacion-arbitraje\/?s={search_term_string}"},"query-input":{"@type":"PropertyValueSpecification","valueRequired":true,"valueName":"search_term_string"}}],"inLanguage":"es"},{"@type":"Organization","@id":"https:\/\/camarasal.com\/centro-mediacion-arbitraje\/#organization","name":"Centro de Mediaci\u00f3n y Arbitraje","url":"https:\/\/camarasal.com\/centro-mediacion-arbitraje\/","logo":{"@type":"ImageObject","inLanguage":"es","@id":"https:\/\/camarasal.com\/centro-mediacion-arbitraje\/#\/schema\/logo\/image\/","url":"https:\/\/camarasal.com\/centro-mediacion-arbitraje\/wp-content\/uploads\/2023\/10\/logo.svg","contentUrl":"https:\/\/camarasal.com\/centro-mediacion-arbitraje\/wp-content\/uploads\/2023\/10\/logo.svg","width":510,"height":130,"caption":"Centro de Mediaci\u00f3n y Arbitraje"},"image":{"@id":"https:\/\/camarasal.com\/centro-mediacion-arbitraje\/#\/schema\/logo\/image\/"},"sameAs":["https:\/\/www.facebook.com\/camarasal"]}]}},"_links":{"self":[{"href":"https:\/\/camarasal.com\/centro-mediacion-arbitraje\/wp-json\/wp\/v2\/pages\/71","targetHints":{"allow":["GET"]}}],"collection":[{"href":"https:\/\/camarasal.com\/centro-mediacion-arbitraje\/wp-json\/wp\/v2\/pages"}],"about":[{"href":"https:\/\/camarasal.com\/centro-mediacion-arbitraje\/wp-json\/wp\/v2\/types\/page"}],"author":[{"embeddable":true,"href":"https:\/\/camarasal.com\/centro-mediacion-arbitraje\/wp-json\/wp\/v2\/users\/1"}],"replies":[{"embeddable":true,"href":"https:\/\/camarasal.com\/centro-mediacion-arbitraje\/wp-json\/wp\/v2\/comments?post=71"}],"version-history":[{"count":2,"href":"https:\/\/camarasal.com\/centro-mediacion-arbitraje\/wp-json\/wp\/v2\/pages\/71\/revisions"}],"predecessor-version":[{"id":118,"href":"https:\/\/camarasal.com\/centro-mediacion-arbitraje\/wp-json\/wp\/v2\/pages\/71\/revisions\/118"}],"wp:attachment":[{"href":"https:\/\/camarasal.com\/centro-mediacion-arbitraje\/wp-json\/wp\/v2\/media?parent=71"}],"curies":[{"name":"wp","href":"https:\/\/api.w.org\/{rel}","templated":true}]}}